{"id":73,"date":"2021-01-28T14:50:40","date_gmt":"2021-01-28T14:50:40","guid":{"rendered":"https:\/\/kekoa-dev.ch\/dachzeltmomente\/?page_id=73"},"modified":"2021-06-18T13:28:40","modified_gmt":"2021-06-18T13:28:40","slug":"ueber-uns","status":"publish","type":"page","link":"https:\/\/kekoa-dev.ch\/dachzeltmomente\/ueber-uns\/","title":{"rendered":"\u00dcber uns"},"content":{"rendered":"<p>[et_pb_section fb_built=&#8220;1&#8243; custom_padding_last_edited=&#8220;off|desktop&#8220; disabled_on=&#8220;on|off|off&#8220; admin_label=&#8220;Header&#8220; _builder_version=&#8220;4.9.7&#8243; use_background_color_gradient=&#8220;on&#8220; background_color_gradient_start=&#8220;rgba(0,0,0,0.84)&#8220; background_color_gradient_end=&#8220;rgba(0,0,0,0.3)&#8220; background_color_gradient_direction=&#8220;199deg&#8220; background_color_gradient_overlays_image=&#8220;on&#8220; background_image=&#8220;https:\/\/kekoa-dev.ch\/dachzeltmomente\/wp-content\/uploads\/2021\/06\/home-ueber-uns-11-2.jpg&#8220; min_height_tablet=&#8220;&#8220; min_height_phone=&#8220;auto&#8220; min_height_last_edited=&#8220;on|desktop&#8220; height=&#8220;30%&#8220; custom_margin=&#8220;0px|0px||0px|false|true&#8220; custom_margin_tablet=&#8220;20px|20px||20px|false|true&#8220; custom_margin_phone=&#8220;0px|0px||0px|false|true&#8220; custom_margin_last_edited=&#8220;on|phone&#8220; custom_padding=&#8220;193px||166px|0px|false|false&#8220; custom_padding_tablet=&#8220;50px||50px||true|false&#8220; hover_enabled=&#8220;0&#8243; locked=&#8220;off&#8220; custom_css_main_element_last_edited=&#8220;on|phone&#8220; title_text=&#8220;home-ueber-uns-1(1)&#8220; background_position=&#8220;top_center&#8220; sticky_enabled=&#8220;0&#8243;][et_pb_row _builder_version=&#8220;4.4.8&#8243; custom_padding=&#8220;||216px|||&#8220;][et_pb_column type=&#8220;4_4&#8243; _builder_version=&#8220;4.4.8&#8243;][et_pb_text _builder_version=&#8220;4.9.2&#8243; text_text_color=&#8220;#ffffff&#8220;]<\/p>\n<h1 style=\"text-align: center;\"><span style=\"color: #ffffff;\">\u00dcBER UNS<\/span><\/h1>\n<p>[\/et_pb_text][\/et_pb_column][\/et_pb_row][\/et_pb_section][et_pb_section fb_built=&#8220;1&#8243; custom_padding_last_edited=&#8220;off|desktop&#8220; disabled_on=&#8220;off|off|on&#8220; admin_label=&#8220;Header&#8220; _builder_version=&#8220;4.9.7&#8243; use_background_color_gradient=&#8220;on&#8220; background_color_gradient_start=&#8220;rgba(0,0,0,0.84)&#8220; background_color_gradient_end=&#8220;rgba(0,0,0,0.3)&#8220; background_color_gradient_direction=&#8220;199deg&#8220; background_color_gradient_overlays_image=&#8220;on&#8220; background_image=&#8220;https:\/\/kekoa-dev.ch\/dachzeltmomente\/wp-content\/uploads\/2021\/06\/home-ueber-uns-11-2.jpg&#8220; min_height_tablet=&#8220;&#8220; min_height_phone=&#8220;auto&#8220; min_height_last_edited=&#8220;on|desktop&#8220; height=&#8220;365px&#8220; custom_margin=&#8220;0px|0px||0px|false|true&#8220; custom_margin_tablet=&#8220;20px|20px||20px|false|true&#8220; custom_margin_phone=&#8220;0px|0px||0px|false|true&#8220; custom_margin_last_edited=&#8220;on|phone&#8220; custom_padding=&#8220;193px||0px|0px|false|false&#8220; custom_padding_tablet=&#8220;50px||50px||true|false&#8220; hover_enabled=&#8220;0&#8243; locked=&#8220;off&#8220; custom_css_main_element_last_edited=&#8220;on|phone&#8220; title_text=&#8220;home-ueber-uns-1(1)&#8220; background_position=&#8220;top_center&#8220; sticky_enabled=&#8220;0&#8243;][et_pb_row _builder_version=&#8220;4.9.2&#8243; custom_margin=&#8220;-80px||||false|false&#8220; custom_padding=&#8220;||216px|||&#8220;][et_pb_column type=&#8220;4_4&#8243; _builder_version=&#8220;4.4.8&#8243;][et_pb_text _builder_version=&#8220;4.9.2&#8243; text_text_color=&#8220;#ffffff&#8220;]<\/p>\n<h1 style=\"text-align: center;\"><span style=\"color: #ffffff;\">\u00dcBER UNS<\/span><\/h1>\n<p>[\/et_pb_text][\/et_pb_column][\/et_pb_row][\/et_pb_section][et_pb_section fb_built=&#8220;1&#8243; _builder_version=&#8220;4.4.8&#8243; background_color=&#8220;rgba(193,193,170,0.27)&#8220; custom_margin=&#8220;0px|||||&#8220; custom_padding=&#8220;25px||0px|||&#8220; collapsed=&#8220;off&#8220;][et_pb_row _builder_version=&#8220;4.4.8&#8243; background_enable_color=&#8220;off&#8220; custom_padding=&#8220;1px||23px|||&#8220; collapsed=&#8220;off&#8220;][et_pb_column type=&#8220;4_4&#8243; _builder_version=&#8220;4.4.8&#8243;][et_pb_social_media_follow _builder_version=&#8220;4.9.1&#8243; text_orientation=&#8220;right&#8220; custom_margin=&#8220;||-44px|||&#8220;][et_pb_social_media_follow_network social_network=&#8220;facebook&#8220; url=&#8220;https:\/\/www.facebook.com\/dachzeltmomente&#8220; _builder_version=&#8220;4.9.1&#8243; background_color=&#8220;#7f674d&#8220; background_enable_color=&#8220;on&#8220; follow_button=&#8220;off&#8220; url_new_window=&#8220;on&#8220;]facebook[\/et_pb_social_media_follow_network][et_pb_social_media_follow_network social_network=&#8220;instagram&#8220; url=&#8220;https:\/\/www.instagram.com\/dachzelt_momente\/&#8220; _builder_version=&#8220;4.9.1&#8243; background_color=&#8220;#918d75&#8243; background_enable_color=&#8220;on&#8220; follow_button=&#8220;off&#8220; url_new_window=&#8220;on&#8220;]instagram[\/et_pb_social_media_follow_network][\/et_pb_social_media_follow][et_pb_menu menu_style=&#8220;centered&#8220; show_cart_icon=&#8220;on&#8220; show_search_icon=&#8220;on&#8220; cart_icon_color=&#8220;#474747&#8243; search_icon_color=&#8220;#474747&#8243; menu_icon_color=&#8220;#474747&#8243; cart_icon_font_size=&#8220;20px&#8220; search_icon_font_size=&#8220;18px&#8220; admin_label=&#8220;Menu-1&#8243; _builder_version=&#8220;4.4.8&#8243; menu_font=&#8220;Amatic SC|700|||||||&#8220; menu_font_size=&#8220;35px&#8220; menu_letter_spacing=&#8220;1px&#8220; background_enable_color=&#8220;off&#8220; custom_margin=&#8220;10px||16px||false|false&#8220;][\/et_pb_menu][et_pb_divider color=&#8220;#474747&#8243; _builder_version=&#8220;4.4.8&#8243; min_height=&#8220;27px&#8220; custom_margin=&#8220;||-26px|||&#8220; custom_padding=&#8220;||0px|||&#8220;][\/et_pb_divider][\/et_pb_column][\/et_pb_row][\/et_pb_section][et_pb_section fb_built=&#8220;1&#8243; _builder_version=&#8220;4.4.8&#8243; custom_padding=&#8220;0px||0px|||&#8220;][et_pb_row column_structure=&#8220;1_3,1_3,1_3&#8243; use_custom_gutter=&#8220;on&#8220; gutter_width=&#8220;1&#8243; make_equal=&#8220;on&#8220; admin_label=&#8220;Best Beans Row&#8220; module_class=&#8220; et_pb_row_fullwidth&#8220; _builder_version=&#8220;4.9.0&#8243; width=&#8220;100%&#8220; width_tablet=&#8220;100%&#8220; width_phone=&#8220;&#8220; width_last_edited=&#8220;on|desktop&#8220; max_width=&#8220;100%&#8220; max_width_tablet=&#8220;100%&#8220; max_width_phone=&#8220;&#8220; max_width_last_edited=&#8220;on|desktop&#8220; custom_margin=&#8220;|||&#8220; custom_padding=&#8220;0px|0px|0px|0px&#8220; make_fullwidth=&#8220;on&#8220; locked=&#8220;off&#8220;][et_pb_column type=&#8220;1_3&#8243; _builder_version=&#8220;3.25&#8243; custom_padding=&#8220;|||&#8220; custom_padding__hover=&#8220;|||&#8220;][et_pb_image src=&#8220;https:\/\/kekoa-dev.ch\/dachzeltmomente\/wp-content\/uploads\/2021\/06\/ueber-uns-16.jpg&#8220; title_text=&#8220;ueber-uns-1(6)&#8220; force_fullwidth=&#8220;on&#8220; align_tablet=&#8220;center&#8220; align_phone=&#8220;&#8220; align_last_edited=&#8220;on|desktop&#8220; _builder_version=&#8220;4.9.7&#8243; custom_padding=&#8220;||0px|||&#8220; hover_enabled=&#8220;0&#8243; locked=&#8220;off&#8220; sticky_enabled=&#8220;0&#8243;][\/et_pb_image][\/et_pb_column][et_pb_column type=&#8220;1_3&#8243; _builder_version=&#8220;3.25&#8243; custom_padding=&#8220;|||&#8220; custom_padding__hover=&#8220;|||&#8220;][et_pb_image src=&#8220;https:\/\/kekoa-dev.ch\/dachzeltmomente\/wp-content\/uploads\/2021\/06\/ueber-uns-114.jpg&#8220; title_text=&#8220;ueber-uns-1(14)&#8220; force_fullwidth=&#8220;on&#8220; align_tablet=&#8220;center&#8220; align_phone=&#8220;&#8220; align_last_edited=&#8220;on|desktop&#8220; _builder_version=&#8220;4.9.7&#8243; custom_padding=&#8220;||0px|||&#8220; hover_enabled=&#8220;0&#8243; sticky_enabled=&#8220;0&#8243;][\/et_pb_image][\/et_pb_column][et_pb_column type=&#8220;1_3&#8243; _builder_version=&#8220;3.25&#8243; custom_padding=&#8220;|||&#8220; custom_padding__hover=&#8220;|||&#8220;][et_pb_image src=&#8220;https:\/\/kekoa-dev.ch\/dachzeltmomente\/wp-content\/uploads\/2021\/06\/ueber-uns-148.jpg&#8220; title_text=&#8220;ueber-uns-1(48)&#8220; force_fullwidth=&#8220;on&#8220; align_tablet=&#8220;center&#8220; align_phone=&#8220;&#8220; align_last_edited=&#8220;on|desktop&#8220; _builder_version=&#8220;4.9.7&#8243; hover_enabled=&#8220;0&#8243; locked=&#8220;off&#8220; sticky_enabled=&#8220;0&#8243;][\/et_pb_image][\/et_pb_column][\/et_pb_row][\/et_pb_section][et_pb_section fb_built=&#8220;1&#8243; _builder_version=&#8220;4.4.8&#8243; background_color=&#8220;rgba(193,193,170,0.27)&#8220; custom_padding=&#8220;0px|||||&#8220;][et_pb_row _builder_version=&#8220;4.4.8&#8243;][et_pb_column type=&#8220;4_4&#8243; _builder_version=&#8220;4.4.8&#8243;][et_pb_text _builder_version=&#8220;4.9.1&#8243; custom_margin=&#8220;||-9px|||&#8220;]<\/p>\n<h1 style=\"text-align: center;\"><\/h1>\n<h1 style=\"text-align: center;\">Es gibt immer einen Plan B um seine Tr\u00e4ume zu verwirklichen!<\/h1>\n<p>&nbsp;<\/p>\n<p style=\"text-align: center;\">Dieser Satz beschreibt den Anfang unserer Geschichte zu unserem Start-Up Unternehmen. Im Jahr 2017 sind wir mit einem Dachzelt durch die Westk\u00fcste von Australien gereist und waren von Anfang an von diesem Naturerlebnis begeistert.<\/p>\n<p style=\"text-align: center;\">Wir liebten nicht nur den Start in den Morgen mit dem Vogelgezwitscher, sondern auch das Campingfeeling am Abend beim Kochen unter freiem Himmel. Nach Australien war f\u00fcr uns klar, dass wir das Campingfeeling auch in der Schweiz haben wollen. Also machten wir uns auf die Suche nach einem geeigneten Fahrzeug, welches wir selbst\u00e4ndig zu einem Campervan umbauen wollten. Doch so einfach war es nicht!<br \/> Die hohen Investitions- sowie Fixkosten und die schwierige Fahrzeugauswahl liess unseren Traum vom eigenen Campervan platzen. Entsprechend musste eine Alternative her \u2013 ein Dachzelt. Das Dachzelt war f\u00fcr uns die perfekte Alternative und unser Plan B.<\/p>\n<p style=\"text-align: center;\">Dieser Plan B f\u00fchrte uns zu unserer Firma.<\/p>\n<p style=\"text-align: center;\">Wir m\u00f6chten dir mit unserer Dachzeltl\u00f6sung zeigen, dass es nicht n\u00f6tig ist sich ein teures Wohnmobil oder einen umgebauten Campervan anzuschaffen. Das Campingfeeling und die Freiheit kannst du auch mit dem Dachzelt erleben. Nebst den viel tieferen Investitionskosten bringt es noch viele weitere Vorteile mit sich.<\/p>\n<p style=\"text-align: center;\">Das Dachzelt passt praktisch auf jedes Auto, du bezahlst keine Miete f\u00fcr einen Abstellplatz und zudem z\u00e4hlt das Dachzelt keine Kilometer \ud83d\ude09<\/p>\n<p style=\"text-align: center;\">Falls du bereits gedanklich deine erste Reise mit dem Dachzelt planst aber noch Fragen hast, dann freuen wir uns auf deine Nachricht.<\/p>\n<h4 style=\"text-align: center;\"><\/h4>\n<h3 style=\"text-align: center;\">Seline &amp; Michael<\/h3>\n<p>&nbsp;<\/p>\n<p>[\/et_pb_text][\/et_pb_column][\/et_pb_row][\/et_pb_section][et_pb_section fb_built=&#8220;1&#8243; disabled_on=&#8220;on|on|off&#8220; admin_label=&#8220;About Coffee&#8220; _builder_version=&#8220;4.9.7&#8243; background_color=&#8220;#1d2528&#8243; use_background_color_gradient=&#8220;on&#8220; background_color_gradient_start=&#8220;#0a0202&#8243; background_color_gradient_end=&#8220;rgba(10,2,0,0.37)&#8220; background_color_gradient_direction=&#8220;111deg&#8220; background_color_gradient_end_position=&#8220;64%&#8220; background_color_gradient_overlays_image=&#8220;on&#8220; background_image=&#8220;https:\/\/kekoa-dev.ch\/dachzeltmomente\/wp-content\/uploads\/2021\/06\/showroom-alle-produkte-1138.jpg&#8220; custom_padding=&#8220;7.2%|0px|10%|0px||&#8220; hover_enabled=&#8220;0&#8243; locked=&#8220;off&#8220; title_text=&#8220;showroom-alle-produkte-1(138)&#8220; sticky_enabled=&#8220;0&#8243;][et_pb_row custom_padding_last_edited=&#8220;on|desktop&#8220; admin_label=&#8220;tittle Row&#8220; _builder_version=&#8220;3.25&#8243; custom_margin=&#8220;|auto||270px||&#8220; custom_padding=&#8220;|20%||&#8220; custom_padding_tablet=&#8220;|0px||&#8220; custom_padding_phone=&#8220;|0px||&#8220; custom_width_px=&#8220;1280px&#8220;][et_pb_column type=&#8220;4_4&#8243; _builder_version=&#8220;3.25&#8243; custom_padding=&#8220;|||&#8220; custom_padding__hover=&#8220;|||&#8220;][et_pb_text admin_label=&#8220;Tittle&#8220; _builder_version=&#8220;4.4.8&#8243; text_font=&#8220;||||||||&#8220; header_font=&#8220;|||on|||||&#8220; header_text_align=&#8220;center&#8220; header_2_font=&#8220;|||on|||||&#8220; header_2_text_align=&#8220;center&#8220; header_2_font_size=&#8220;50px&#8220; header_2_letter_spacing=&#8220;2px&#8220; header_2_line_height=&#8220;1.5em&#8220; background_layout=&#8220;dark&#8220; max_width=&#8220;600px&#8220; module_alignment=&#8220;center&#8220;]<\/p>\n<h2>Entdecke alle produkte<\/h2>\n<p>[\/et_pb_text][\/et_pb_column][\/et_pb_row][et_pb_row column_structure=&#8220;1_3,1_3,1_3&#8243; custom_padding_last_edited=&#8220;on|desktop&#8220; admin_label=&#8220;Coffee Info&#8220; _builder_version=&#8220;4.4.8&#8243; custom_margin=&#8220;|218px||318px||&#8220; custom_padding=&#8220;|9.1%||||&#8220; custom_padding_tablet=&#8220;|0px||&#8220; custom_padding_phone=&#8220;|0px||&#8220; custom_width_px=&#8220;1280px&#8220; saved_tabs=&#8220;all&#8220;][et_pb_column type=&#8220;1_3&#8243; _builder_version=&#8220;3.25&#8243; custom_padding=&#8220;|||&#8220; custom_padding__hover=&#8220;|||&#8220;][et_pb_blurb title=&#8220;DACHZELTE &#038; Zubeh\u00f6r&#8220; image=&#8220;https:\/\/kekoa-dev.ch\/dachzeltmomente\/wp-content\/uploads\/2021\/02\/dachzelt-icon-1.png&#8220; _builder_version=&#8220;4.4.8&#8243; header_level=&#8220;h2&#8243; header_font=&#8220;|600||on|||||&#8220; header_text_align=&#8220;center&#8220; header_text_color=&#8220;#ffffff&#8220; header_font_size=&#8220;30px&#8220; header_letter_spacing=&#8220;2px&#8220; header_line_height=&#8220;1.7em&#8220; custom_margin=&#8220;0px|0px|0px|0px&#8220; custom_padding=&#8220;0px|0px|0px|0px&#8220; animation_style=&#8220;fade&#8220; animation=&#8220;off&#8220;][\/et_pb_blurb][\/et_pb_column][et_pb_column type=&#8220;1_3&#8243; _builder_version=&#8220;3.25&#8243; custom_padding=&#8220;|||&#8220; custom_padding__hover=&#8220;|||&#8220;][et_pb_blurb title=&#8220;Campingzubeh\u00f6r&#8220; image=&#8220;https:\/\/kekoa-dev.ch\/dachzeltmomente\/wp-content\/uploads\/2021\/02\/campingzubehoer-icon-1.png&#8220; _builder_version=&#8220;4.9.0&#8243; header_font=&#8220;|600||on|||||&#8220; header_text_align=&#8220;center&#8220; header_text_color=&#8220;#ffffff&#8220; header_font_size=&#8220;30px&#8220; header_letter_spacing=&#8220;2px&#8220; header_line_height=&#8220;1.7em&#8220; custom_margin=&#8220;0px|0px|0px|0px&#8220; custom_padding=&#8220;27px|0px|0px|0px||&#8220; animation_style=&#8220;fade&#8220; animation_delay=&#8220;100ms&#8220; animation=&#8220;off&#8220;][\/et_pb_blurb][\/et_pb_column][et_pb_column type=&#8220;1_3&#8243; _builder_version=&#8220;3.25&#8243; custom_padding=&#8220;|||&#8220; custom_padding__hover=&#8220;|||&#8220;][\/et_pb_column][\/et_pb_row][et_pb_row custom_padding_last_edited=&#8220;on|desktop&#8220; admin_label=&#8220;Details&#8220; _builder_version=&#8220;3.25&#8243; custom_margin=&#8220;|auto||268px||&#8220; custom_padding=&#8220;|20%||&#8220; custom_padding_tablet=&#8220;|0px||&#8220; custom_padding_phone=&#8220;|0px||&#8220; custom_width_px=&#8220;1280px&#8220;][et_pb_column type=&#8220;4_4&#8243; _builder_version=&#8220;3.25&#8243; custom_padding=&#8220;|||&#8220; custom_padding__hover=&#8220;|||&#8220;][et_pb_text disabled_on=&#8220;off|off|off&#8220; admin_label=&#8220;Texts&#8220; _builder_version=&#8220;4.9.0&#8243; text_font=&#8220;Nunito||||||||&#8220; text_text_color=&#8220;#ffffff&#8220; text_font_size=&#8220;18px&#8220; text_line_height=&#8220;1.8em&#8220; header_font=&#8220;Oswald||||&#8220; header_font_size=&#8220;16px&#8220; header_letter_spacing=&#8220;2px&#8220; header_line_height=&#8220;1.7em&#8220; text_orientation=&#8220;center&#8220; max_width=&#8220;600px&#8220; max_width_tablet=&#8220;&#8220; max_width_phone=&#8220;&#8220; max_width_last_edited=&#8220;on|phone&#8220; module_alignment=&#8220;center&#8220; custom_margin=&#8220;-30px|||&#8220; locked=&#8220;off&#8220;]<\/p>\n<p style=\"text-align: center;\">In unserem Online-Shop findest du nicht nur dein perfektes Autodachzelt f\u00fcr praktisch jedes Auto sondern auch Zubeh\u00f6r f\u00fcrs Dachzelt und Campingzubeh\u00f6r f\u00fcr dein n\u00e4chstes Naturerlebnis.<\/p>\n<p>[\/et_pb_text][et_pb_button button_url=&#8220;https:\/\/kekoa-dev.ch\/dachzeltmomente\/shop&#8220; button_text=&#8220;ZUM SHOP&#8220; button_alignment=&#8220;center&#8220; admin_label=&#8220;button-shop&#8220; _builder_version=&#8220;4.9.1&#8243; custom_button=&#8220;on&#8220; button_text_size=&#8220;14px&#8220; button_text_color=&#8220;#ffffff&#8220; button_bg_color=&#8220;#897b65&#8243; button_border_width=&#8220;8px&#8220; button_border_color=&#8220;#897b65&#8243; button_border_radius=&#8220;0px&#8220; button_letter_spacing=&#8220;2px&#8220; button_font=&#8220;Poppins|600||on|||||&#8220; button_icon=&#8220;%%3%%&#8220; custom_margin=&#8220;20px|||&#8220; animation_style=&#8220;fade&#8220; locked=&#8220;off&#8220; button_text_size__hover_enabled=&#8220;off&#8220; button_one_text_size__hover_enabled=&#8220;off&#8220; button_two_text_size__hover_enabled=&#8220;off&#8220; button_text_color__hover_enabled=&#8220;off&#8220; button_one_text_color__hover_enabled=&#8220;off&#8220; button_two_text_color__hover_enabled=&#8220;off&#8220; button_border_width__hover_enabled=&#8220;off&#8220; button_one_border_width__hover_enabled=&#8220;off&#8220; button_two_border_width__hover_enabled=&#8220;off&#8220; button_border_color__hover_enabled=&#8220;off&#8220; button_one_border_color__hover_enabled=&#8220;off&#8220; button_two_border_color__hover_enabled=&#8220;off&#8220; button_border_radius__hover_enabled=&#8220;off&#8220; button_one_border_radius__hover_enabled=&#8220;off&#8220; button_two_border_radius__hover_enabled=&#8220;off&#8220; button_letter_spacing__hover_enabled=&#8220;off&#8220; button_one_letter_spacing__hover_enabled=&#8220;off&#8220; button_two_letter_spacing__hover_enabled=&#8220;off&#8220; button_bg_color__hover_enabled=&#8220;off&#8220; button_one_bg_color__hover_enabled=&#8220;off&#8220; button_two_bg_color__hover_enabled=&#8220;off&#8220;][\/et_pb_button][\/et_pb_column][\/et_pb_row][\/et_pb_section][et_pb_section fb_built=&#8220;1&#8243; disabled_on=&#8220;off|off|on&#8220; admin_label=&#8220;About Coffee&#8220; _builder_version=&#8220;4.9.7&#8243; background_enable_color=&#8220;off&#8220; use_background_color_gradient=&#8220;on&#8220; background_color_gradient_start=&#8220;#0a0202&#8243; background_color_gradient_end=&#8220;rgba(10,2,0,0.37)&#8220; background_color_gradient_direction=&#8220;111deg&#8220; background_color_gradient_end_position=&#8220;64%&#8220; background_color_gradient_overlays_image=&#8220;on&#8220; background_image=&#8220;https:\/\/kekoa-dev.ch\/dachzeltmomente\/wp-content\/uploads\/2021\/06\/showroom-alle-produkte-1138.jpg&#8220; custom_margin_tablet=&#8220;&#8220; custom_margin_phone=&#8220;&#8220; custom_margin_last_edited=&#8220;on|tablet&#8220; custom_padding=&#8220;|0px||0px|false|false&#8220; hover_enabled=&#8220;0&#8243; background_last_edited=&#8220;on|phone&#8220; locked=&#8220;off&#8220; title_text=&#8220;showroom-alle-produkte-1(138)&#8220; sticky_enabled=&#8220;0&#8243;][et_pb_row _builder_version=&#8220;4.9.1&#8243; _module_preset=&#8220;default&#8220; module_alignment=&#8220;left&#8220; module_alignment_tablet=&#8220;center&#8220; module_alignment_phone=&#8220;center&#8220; module_alignment_last_edited=&#8220;on|desktop&#8220;][et_pb_column type=&#8220;4_4&#8243; _builder_version=&#8220;4.9.1&#8243; _module_preset=&#8220;default&#8220;][et_pb_text content_tablet=&#8220;&#8220; content_phone=&#8220;&#8220; content_last_edited=&#8220;on|phone&#8220; admin_label=&#8220;Tittle&#8220; _builder_version=&#8220;4.9.1&#8243; text_font=&#8220;||||||||&#8220; header_font=&#8220;|||on|||||&#8220; header_text_align=&#8220;center&#8220; header_2_font=&#8220;|||on|||||&#8220; header_2_text_align=&#8220;center&#8220; header_2_font_size=&#8220;50px&#8220; header_2_letter_spacing=&#8220;2px&#8220; header_2_line_height=&#8220;1.5em&#8220; background_layout=&#8220;dark&#8220; max_width=&#8220;600px&#8220; module_alignment=&#8220;center&#8220;]<\/p>\n<h2>Entdecke alle produkte<\/h2>\n<p>[\/et_pb_text][\/et_pb_column][\/et_pb_row][et_pb_row _builder_version=&#8220;4.9.1&#8243; _module_preset=&#8220;default&#8220; module_alignment=&#8220;left&#8220; module_alignment_tablet=&#8220;center&#8220; module_alignment_phone=&#8220;center&#8220; module_alignment_last_edited=&#8220;on|desktop&#8220;][et_pb_column type=&#8220;4_4&#8243; _builder_version=&#8220;4.9.1&#8243; _module_preset=&#8220;default&#8220;][et_pb_blurb title=&#8220;DACHZELTE &#038; Zubeh\u00f6r&#8220; image=&#8220;https:\/\/kekoa-dev.ch\/dachzeltmomente\/wp-content\/uploads\/2021\/02\/dachzelt-icon-1.png&#8220; _builder_version=&#8220;4.9.0&#8243; header_level=&#8220;h2&#8243; header_font=&#8220;|600||on|||||&#8220; header_text_align=&#8220;center&#8220; header_text_color=&#8220;#ffffff&#8220; header_font_size=&#8220;30px&#8220; header_letter_spacing=&#8220;2px&#8220; header_line_height=&#8220;1.7em&#8220; custom_margin=&#8220;0px|0px|0px|0px&#8220; custom_padding=&#8220;0px|0px|0px|0px&#8220; animation_style=&#8220;fade&#8220; animation=&#8220;off&#8220;][\/et_pb_blurb][et_pb_blurb title=&#8220;Campingequipment&#8220; image=&#8220;https:\/\/kekoa-dev.ch\/dachzeltmomente\/wp-content\/uploads\/2021\/02\/campingzubehoer-icon-1.png&#8220; _builder_version=&#8220;4.9.0&#8243; header_font=&#8220;|600||on|||||&#8220; header_text_align=&#8220;center&#8220; header_text_color=&#8220;#ffffff&#8220; header_font_size=&#8220;30px&#8220; header_letter_spacing=&#8220;2px&#8220; header_line_height=&#8220;1.7em&#8220; custom_margin=&#8220;0px|0px|0px|0px&#8220; custom_padding=&#8220;27px|0px|0px|0px||&#8220; animation_style=&#8220;fade&#8220; animation_delay=&#8220;100ms&#8220; animation=&#8220;off&#8220;][\/et_pb_blurb][\/et_pb_column][\/et_pb_row][et_pb_row _builder_version=&#8220;4.9.1&#8243; _module_preset=&#8220;default&#8220; module_alignment=&#8220;left&#8220; module_alignment_tablet=&#8220;center&#8220; module_alignment_phone=&#8220;center&#8220; module_alignment_last_edited=&#8220;on|desktop&#8220;][et_pb_column type=&#8220;4_4&#8243; _builder_version=&#8220;4.9.1&#8243; _module_preset=&#8220;default&#8220;][et_pb_text disabled_on=&#8220;off|off|off&#8220; admin_label=&#8220;Texts&#8220; _builder_version=&#8220;4.9.0&#8243; text_font=&#8220;Nunito||||||||&#8220; text_text_color=&#8220;#ffffff&#8220; text_font_size=&#8220;18px&#8220; text_line_height=&#8220;1.8em&#8220; header_font=&#8220;Oswald||||&#8220; header_font_size=&#8220;16px&#8220; header_letter_spacing=&#8220;2px&#8220; header_line_height=&#8220;1.7em&#8220; text_orientation=&#8220;center&#8220; max_width=&#8220;600px&#8220; max_width_tablet=&#8220;&#8220; max_width_phone=&#8220;&#8220; max_width_last_edited=&#8220;on|phone&#8220; module_alignment=&#8220;center&#8220; custom_margin=&#8220;-30px|||&#8220; locked=&#8220;off&#8220;]<\/p>\n<p>In unserem Online-Shop findest du nicht nur dein perfektes Autodachzelt f\u00fcr praktisch jedes Auto sondern auch Zubeh\u00f6r f\u00fcrs Dachzelt und Campingzubeh\u00f6r f\u00fcr dein n\u00e4chstes Naturerlebnis.<\/p>\n<p>[\/et_pb_text][et_pb_button button_url=&#8220;https:\/\/kekoa-dev.ch\/dachzeltmomente\/shop&#8220; button_text=&#8220;ZUM SHOP&#8220; button_alignment=&#8220;center&#8220; admin_label=&#8220;button-shop&#8220; _builder_version=&#8220;4.9.0&#8243; custom_button=&#8220;on&#8220; button_text_size=&#8220;14px&#8220; button_text_color=&#8220;#ffffff&#8220; button_bg_color=&#8220;#897b65&#8243; button_border_width=&#8220;8px&#8220; button_border_color=&#8220;#897b65&#8243; button_border_radius=&#8220;0px&#8220; button_letter_spacing=&#8220;2px&#8220; button_font=&#8220;Poppins|600||on|||||&#8220; button_icon=&#8220;%%3%%&#8220; custom_margin=&#8220;20px|||&#8220; animation_style=&#8220;fade&#8220; locked=&#8220;off&#8220; button_text_size__hover_enabled=&#8220;off&#8220; button_one_text_size__hover_enabled=&#8220;off&#8220; button_two_text_size__hover_enabled=&#8220;off&#8220; button_text_color__hover_enabled=&#8220;off&#8220; button_one_text_color__hover_enabled=&#8220;off&#8220; button_two_text_color__hover_enabled=&#8220;off&#8220; button_border_width__hover_enabled=&#8220;off&#8220; button_one_border_width__hover_enabled=&#8220;off&#8220; button_two_border_width__hover_enabled=&#8220;off&#8220; button_border_color__hover_enabled=&#8220;off&#8220; button_one_border_color__hover_enabled=&#8220;off&#8220; button_two_border_color__hover_enabled=&#8220;off&#8220; button_border_radius__hover_enabled=&#8220;off&#8220; button_one_border_radius__hover_enabled=&#8220;off&#8220; button_two_border_radius__hover_enabled=&#8220;off&#8220; button_letter_spacing__hover_enabled=&#8220;off&#8220; button_one_letter_spacing__hover_enabled=&#8220;off&#8220; button_two_letter_spacing__hover_enabled=&#8220;off&#8220; button_bg_color__hover_enabled=&#8220;off&#8220; button_one_bg_color__hover_enabled=&#8220;off&#8220; button_two_bg_color__hover_enabled=&#8220;off&#8220;][\/et_pb_button][\/et_pb_column][\/et_pb_row][\/et_pb_section]<\/p>\n","protected":false},"excerpt":{"rendered":"<p>\u00dcBER UNS\u00dcBER UNS Es gibt immer einen Plan B um seine Tr\u00e4ume zu verwirklichen! &nbsp; Dieser Satz beschreibt den Anfang unserer Geschichte zu unserem Start-Up Unternehmen. Im Jahr 2017 sind wir mit einem Dachzelt durch die Westk\u00fcste von Australien gereist und waren von Anfang an von diesem Naturerlebnis begeistert. Wir liebten nicht nur den Start [&hellip;]<\/p>\n","protected":false},"author":1,"featured_media":0,"parent":0,"menu_order":0,"comment_status":"closed","ping_status":"closed","template":"","meta":{"_et_pb_use_builder":"on","_et_pb_old_content":"","_et_gb_content_width":"","footnotes":""},"class_list":["post-73","page","type-page","status-publish","hentry"],"_links":{"self":[{"href":"https:\/\/kekoa-dev.ch\/dachzeltmomente\/wp-json\/wp\/v2\/pages\/73","targetHints":{"allow":["GET"]}}],"collection":[{"href":"https:\/\/kekoa-dev.ch\/dachzeltmomente\/wp-json\/wp\/v2\/pages"}],"about":[{"href":"https:\/\/kekoa-dev.ch\/dachzeltmomente\/wp-json\/wp\/v2\/types\/page"}],"author":[{"embeddable":true,"href":"https:\/\/kekoa-dev.ch\/dachzeltmomente\/wp-json\/wp\/v2\/users\/1"}],"replies":[{"embeddable":true,"href":"https:\/\/kekoa-dev.ch\/dachzeltmomente\/wp-json\/wp\/v2\/comments?post=73"}],"version-history":[{"count":51,"href":"https:\/\/kekoa-dev.ch\/dachzeltmomente\/wp-json\/wp\/v2\/pages\/73\/revisions"}],"predecessor-version":[{"id":14435,"href":"https:\/\/kekoa-dev.ch\/dachzeltmomente\/wp-json\/wp\/v2\/pages\/73\/revisions\/14435"}],"wp:attachment":[{"href":"https:\/\/kekoa-dev.ch\/dachzeltmomente\/wp-json\/wp\/v2\/media?parent=73"}],"curies":[{"name":"wp","href":"https:\/\/api.w.org\/{rel}","templated":true}]}}